{"id":350,"date":"2015-05-15T01:25:34","date_gmt":"2015-05-15T01:25:34","guid":{"rendered":"http:\/\/www.colegiopiagetpr.com\/nuevositio\/?page_id=350"},"modified":"2020-08-08T23:10:29","modified_gmt":"2020-08-08T23:10:29","slug":"testimonios","status":"publish","type":"page","link":"https:\/\/www.colegiopiagetpr.com\/?page_id=350","title":{"rendered":"Testimonios"},"content":{"rendered":"<p><a href=\"http:\/\/www.colegiopiagetpr.com\/wp-content\/uploads\/2015\/05\/heading-colegio-piaget22.png\"><img loading=\"lazy\" decoding=\"async\" class=\"alignnone size-full wp-image-358\" src=\"http:\/\/www.colegiopiagetpr.com\/wp-content\/uploads\/2015\/05\/heading-colegio-piaget22.png\" alt=\"heading-colegio-piaget2\" width=\"884\" height=\"75\" \/><\/a><\/p>\n<p>7 de junio de 2006<\/p>\n<p>(A la bella y angelical hada madrina llamada Joanne Veve y a sus extraodinarias profesoras, y muy en especial a Joan y a Ch\u00e1vez.)<\/p>\n<p>Mi siempre recordada, y muy querida, Joanne:<\/p>\n<p>Parece que fue ayer, cuando hablaba contigo por tel\u00e9fono, angustiada, frustrada \u2014 como madre, y como maestra \u2014 por la falta de amor y compromiso, que en aquel momento, hab\u00eda demostrado el otro colegio donde mis hijos estaban estudiando. Todav\u00eda tengo grabada en mi mente, tu voz serena, dulce, y llena de esperanza&#8230; as\u00ed son las bellas hadas madrinas y los \u00e1ngeles de luz y amor. A\u00fan recuerdo t\u00fa optimismo y alegr\u00eda, para borrar en esa misma llamada, mi angustia y desesperanza, en aquel momento triste de mi vida y la de mis hijos. T\u00fa fuiste de las pocas personas que permanecieron a nuestro lado: leal, incondicionalmente, y esto&#8230; porque eres una mujer maravillosa, que vive el amor de Dios, en cada momento, presente siempre en tu vida. Yo no pose\u00eda, posici\u00f3n o lugar privilegiado por el cual t\u00fa pudieras, de alguna manera, hacer reciprocar tu acci\u00f3n, lo hiciste, porque tienes un bello y gran coraz\u00f3n.<\/p>\n<p>El Colegio Piaget represent\u00f3 y siempre representar\u00e1 para Luis Javier, Daniel, y para m\u00ed, un bello oasis, con una luz tibia y hermosa. Mis hijos llegaron conmigo a Miami en el 2002, muy bien preparados y nunca tropezaron o tuvieron problemas con el ingl\u00e9s, aun estando el a\u00f1o adelantado y comenzado, y aun estando ellos en un pa\u00eds, donde el idioma vern\u00e1culo no es el castellano, idioma, el cual si ten\u00edan como vern\u00e1culo, en tu Colegio. <strong>Y esto fue as\u00ed, porque el programa de ingl\u00e9s del Colegio Piaget es de el m\u00e1s alto y primer\u00edsimo nivel,<\/strong> y as\u00ed qued\u00f3 demostrado, cuando mis hijos se mudaron y lograron vencer el reto de un ingl\u00e9s como primer idioma, y adem\u00e1s en un Colegio de excelencia. Daniel y Luis lograron graduarse con honores y much\u00edsimas medallas. Quiero por lo tanto, reconocer la labor de excelencia tanto tuya Joanne, como la de nuestra amada Joan, a la que tanto hemos siempre recordado con inmenso amor y cari\u00f1o. Tambi\u00e9n deseo compartir con ustedes que este a\u00f1o Luis Javier hizo su Confirmaci\u00f3n, y se que mi hijo, dej\u00f3 una huella entre sus compa\u00f1eros y hermanos de la Iglesia&#8230; gracias Ch\u00e1vez, t\u00fa fuiste la responsable de sembrar esa semilla en ese coraz\u00f3n.<\/p>\n<p>Quiero que sepan, que en cada triunfo de mis hijos, ustedes est\u00e1n presentes, y de la forma m\u00e1s profunda. Deseamos que sepan que ustedes, viven siempre en nuestros corazones y que no los olvidamos. Estamos concientes que somos representantes de esa paz, bella y lum\u00ednica, de nuestro terru\u00f1o adorado, por el cual, siempre nos esforzamos, para ponerlo muy en alto. En la trayectoria de nuestra historia personal, nos sentimos agradecidos a Dios y a la vida, por haberlos puesto en nuestro camino.<\/p>\n<p>Gracias Joanne, gracias Joan, gracias Ch\u00e1vez, gracias a todas las profesoras, y gracias, <strong>Colegio Piaget, porque fuiste, eres y ser\u00e1s mucho m\u00e1s que una escuela&#8230;<\/strong> eres parte de nuestra memoria y parte de nuestra alma.<\/p>\n<p>Dios los bendiga, en todo momento.<\/p>\n<p>Con todo nuestro amor,<\/p>\n<p><a href=\"http:\/\/www.colegiopiagetpr.com\/wp-content\/uploads\/2015\/05\/lolly-daniel.png\"><img loading=\"lazy\" decoding=\"async\" class=\"alignnone size-full wp-image-359\" src=\"http:\/\/www.colegiopiagetpr.com\/wp-content\/uploads\/2015\/05\/lolly-daniel.png\" alt=\"lolly-daniel\" width=\"310\" height=\"75\" srcset=\"https:\/\/www.colegiopiagetpr.com\/wp-content\/uploads\/2015\/05\/lolly-daniel.png 310w, https:\/\/www.colegiopiagetpr.com\/wp-content\/uploads\/2015\/05\/lolly-daniel-300x73.png 300w\" sizes=\"auto, (max-width: 310px) 100vw, 310px\" \/><\/a><\/p>\n<p><strong>Loly, Luis Javier y Daniel<br \/>\n<\/strong><\/p>\n<hr \/>\n<p>&nbsp;<\/p>\n<p><a href=\"http:\/\/www.colegiopiagetpr.com\/wp-content\/uploads\/2015\/05\/heading-colegio-piaget33.png\"><img loading=\"lazy\" decoding=\"async\" class=\"alignnone size-full wp-image-358\" src=\"http:\/\/www.colegiopiagetpr.com\/wp-content\/uploads\/2015\/05\/heading-colegio-piaget33.png\" alt=\"heading-colegio-piaget2\" width=\"884\" height=\"75\" \/><\/a><\/p>\n<p>15 de marzo de 2001<\/p>\n<p>Querida Joanne:<\/p>\n<p>Debo escribir esta carta ahora ya que no s\u00e9 si cuente con tiempo luego para hacerlo. Como sabes este es el \u00faltimo a\u00f1o de los ni\u00f1os en el Colegio. Desde que comenz\u00f3 el a\u00f1o escolar he tenido esta tensi\u00f3n y preocupaci\u00f3n por esto, porque conozco la situaci\u00f3n de los colegios en este pa\u00eds.<\/p>\n<p>Recuerdo cuando primero fu\u00ed a tu colegio alrededor de noviembre alrededor del a\u00f1o 1994. Estaba desesperada porque Rafael que estaba en Kindergarden en la Academia [x] estaba teniendo &#8220;problemas&#8221; en la escuela. Obviamente este Colegio nunca me convenci\u00f3 de que hab\u00eda problemas con \u00e9l, pero s\u00ed me hizo experimentar la insensibilidad y el abuso que existe en algunos colegios. All\u00ed me hab\u00edan pedido que le realizara un examen &#8220;psico-educativo&#8221;, y cuando fue al psic\u00f3logo me dijo que qui\u00e9n rayos estaba pidiendo eso si el ni\u00f1o apenas comenzaba la escuela&#8230;.<\/p>\n<p>Bueno, as\u00ed fue que entr\u00f3 Rafael a tan especial Colegio. Siempre recordar\u00e9 tu disposici\u00f3n y cari\u00f1o en esa ocasi\u00f3n y por eso siempre ocupas un espacio en el rinc\u00f3n del coraz\u00f3n donde almaceno las cosas que aprecio en la vida.<\/p>\n<p>T\u00e9ngo que agradecerte adem\u00e1s <strong>el respeto que existe en este Colegio hacia los ni\u00f1os.<\/strong> Respeto que me ha facilitado mi empe\u00f1o en desarrollar el car\u00e1cter de mis hijos sobre todas las cosas. Hay una frase que mis hijos se pasan diciendo en casa y recoje el sentido de lo que me refiero. Cuando algo no les gusta, ellos dicen; &#8220;se lo voy a decir a Joanne, hay que dec\u00edrselo a Joanne&#8221;. <strong>No s\u00e9 si en muchos colegios los ni\u00f1os se expresen as\u00ed de la &#8220;Principal&#8221; del Colegio, con esa seguridad y confianza de expresarse sin inhibiciones.<\/strong> Actitud que refleja un sentido de disposici\u00f3n a participar y una determinaci\u00f3n de expresarse sin miedo a represalias. Por consiguiente, nuestros ni\u00f1os son unos ni\u00f1os seguros de s\u00ed mismos y felices con ellos mismos. \u00bfQu\u00e9 otra cosa necesita un ser humano? Tengo f\u00e9 en que estas ra\u00edces que han echado aqu\u00ed en este Colegio, se han enterrado muy profundas, y de que ser\u00e1 muy dif\u00edcil debilitar esos troncos tan fuertemente definidos.<\/p>\n<p>Gracias Joanne, por contribuir en esta sociedad con este Colegio donde se respira comprensi\u00f3n, humanidad, respeto y amor. En una sociedad donde se vive en tanto desenfreno, rapidez y desmedidas exigencias; <strong>tu haces una diferencia.<br \/>\n<\/strong><br \/>\nQuisiera que compartas esta carta con las dem\u00e1s educadoras, como Chelo, Joan y Aline. Muchos respetos de mi parte hacia ellas y Dios las bendiga siempre.<\/p>\n<p><a href=\"http:\/\/www.colegiopiagetpr.com\/wp-content\/uploads\/2015\/05\/camilie-firma.png\"><img loading=\"lazy\" decoding=\"async\" class=\"alignnone size-full wp-image-360\" src=\"http:\/\/www.colegiopiagetpr.com\/wp-content\/uploads\/2015\/05\/camilie-firma.png\" alt=\"camilie-firma\" width=\"175\" height=\"75\" \/><\/a><br \/>\n<strong>Camille<\/strong><\/p>\n","protected":false},"excerpt":{"rendered":"<p>7 de junio de 2006 (A la bella y angelical hada madrina llamada Joanne Veve y a sus extraodinarias profesoras, y muy en especial a Joan y a Ch\u00e1vez.) Mi siempre recordada, y muy querida, Joanne: Parece que fue ayer, cuando hablaba contigo por tel\u00e9fono, angustiada, frustrada \u2014 como madre, y como maestra \u2014 por la falta de amor y compromiso, que en aquel momento, hab\u00eda demostrado el otro colegio donde mis hijos estaban estudiando. Todav\u00eda tengo grabada en mi mente, tu voz serena, dulce, y llena de esperanza&#8230; as\u00ed son las bellas hadas madrinas y los \u00e1ngeles de luz <\/p>\n","protected":false},"author":1,"featured_media":351,"parent":0,"menu_order":0,"comment_status":"closed","ping_status":"closed","template":"page-parallax.php","meta":{"footnotes":""},"class_list":["post-350","page","type-page","status-publish","has-post-thumbnail","hentry","has_thumb"],"yoast_head":"<!-- This site is optimized with the Yoast SEO plugin v14.1 - https:\/\/yoast.com\/wordpress\/plugins\/seo\/ -->\n<meta name=\"robots\" content=\"index, follow\" \/>\n<meta name=\"googlebot\" content=\"index, follow, max-snippet:-1, max-image-preview:large, max-video-preview:-1\" \/>\n<meta name=\"bingbot\" content=\"index, follow, max-snippet:-1, max-image-preview:large, max-video-preview:-1\" \/>\n<link rel=\"canonical\" href=\"https:\/\/www.colegiopiagetpr.com\/?page_id=350\" \/>\n<meta property=\"og:locale\" content=\"es_ES\" \/>\n<meta property=\"og:type\" content=\"article\" \/>\n<meta property=\"og:title\" content=\"Testimonios - Colegio Piaget\" \/>\n<meta property=\"og:description\" content=\"7 de junio de 2006 (A la bella y angelical hada madrina llamada Joanne Veve y a sus extraodinarias profesoras, y muy en especial a Joan y a Ch\u00e1vez.) Mi siempre recordada, y muy querida, Joanne: Parece que fue ayer, cuando hablaba contigo por tel\u00e9fono, angustiada, frustrada \u2014 como madre, y como maestra \u2014 por la falta de amor y compromiso, que en aquel momento, hab\u00eda demostrado el otro colegio donde mis hijos estaban estudiando. Todav\u00eda tengo grabada en mi mente, tu voz serena, dulce, y llena de esperanza&#8230; as\u00ed son las bellas hadas madrinas y los \u00e1ngeles de luz\" \/>\n<meta property=\"og:url\" content=\"https:\/\/www.colegiopiagetpr.com\/?page_id=350\" \/>\n<meta property=\"og:site_name\" content=\"Colegio Piaget\" \/>\n<meta property=\"article:publisher\" content=\"https:\/\/www.facebook.com\/colegiopiagetpr\" \/>\n<meta property=\"article:modified_time\" content=\"2020-08-08T23:10:29+00:00\" \/>\n<meta property=\"og:image\" content=\"https:\/\/www.colegiopiagetpr.com\/wp-content\/uploads\/2015\/05\/testimonios.jpg\" \/>\n\t<meta property=\"og:image:width\" content=\"1920\" \/>\n\t<meta property=\"og:image:height\" content=\"1080\" \/>\n<meta name=\"twitter:card\" content=\"summary_large_image\" \/>\n<script type=\"application\/ld+json\" class=\"yoast-schema-graph\">{\"@context\":\"https:\/\/schema.org\",\"@graph\":[{\"@type\":\"WebSite\",\"@id\":\"https:\/\/www.colegiopiagetpr.com\/#website\",\"url\":\"https:\/\/www.colegiopiagetpr.com\/\",\"name\":\"Colegio Piaget\",\"description\":\"Colegio Piaget\",\"potentialAction\":[{\"@type\":\"SearchAction\",\"target\":\"https:\/\/www.colegiopiagetpr.com\/?s={search_term_string}\",\"query-input\":\"required name=search_term_string\"}],\"inLanguage\":\"es\"},{\"@type\":\"ImageObject\",\"@id\":\"https:\/\/www.colegiopiagetpr.com\/?page_id=350#primaryimage\",\"inLanguage\":\"es\",\"url\":\"https:\/\/www.colegiopiagetpr.com\/wp-content\/uploads\/2015\/05\/testimonios.jpg\",\"width\":1920,\"height\":1080},{\"@type\":\"WebPage\",\"@id\":\"https:\/\/www.colegiopiagetpr.com\/?page_id=350#webpage\",\"url\":\"https:\/\/www.colegiopiagetpr.com\/?page_id=350\",\"name\":\"Testimonios - Colegio Piaget\",\"isPartOf\":{\"@id\":\"https:\/\/www.colegiopiagetpr.com\/#website\"},\"primaryImageOfPage\":{\"@id\":\"https:\/\/www.colegiopiagetpr.com\/?page_id=350#primaryimage\"},\"datePublished\":\"2015-05-15T01:25:34+00:00\",\"dateModified\":\"2020-08-08T23:10:29+00:00\",\"inLanguage\":\"es\",\"potentialAction\":[{\"@type\":\"ReadAction\",\"target\":[\"https:\/\/www.colegiopiagetpr.com\/?page_id=350\"]}]}]}<\/script>\n<!-- \/ Yoast SEO plugin. -->","_links":{"self":[{"href":"https:\/\/www.colegiopiagetpr.com\/index.php?rest_route=\/wp\/v2\/pages\/350","targetHints":{"allow":["GET"]}}],"collection":[{"href":"https:\/\/www.colegiopiagetpr.com\/index.php?rest_route=\/wp\/v2\/pages"}],"about":[{"href":"https:\/\/www.colegiopiagetpr.com\/index.php?rest_route=\/wp\/v2\/types\/page"}],"author":[{"embeddable":true,"href":"https:\/\/www.colegiopiagetpr.com\/index.php?rest_route=\/wp\/v2\/users\/1"}],"replies":[{"embeddable":true,"href":"https:\/\/www.colegiopiagetpr.com\/index.php?rest_route=%2Fwp%2Fv2%2Fcomments&post=350"}],"version-history":[{"count":6,"href":"https:\/\/www.colegiopiagetpr.com\/index.php?rest_route=\/wp\/v2\/pages\/350\/revisions"}],"predecessor-version":[{"id":1127,"href":"https:\/\/www.colegiopiagetpr.com\/index.php?rest_route=\/wp\/v2\/pages\/350\/revisions\/1127"}],"wp:featuredmedia":[{"embeddable":true,"href":"https:\/\/www.colegiopiagetpr.com\/index.php?rest_route=\/wp\/v2\/media\/351"}],"wp:attachment":[{"href":"https:\/\/www.colegiopiagetpr.com\/index.php?rest_route=%2Fwp%2Fv2%2Fmedia&parent=350"}],"curies":[{"name":"wp","href":"https:\/\/api.w.org\/{rel}","templated":true}]}}